(1/16). Suppose 3*z - 15 = 3*b, -4*z = b - 3*b - 24. Suppose 42 = -z*o + 10*o. What is the highest common factor of j and o?
14
Let i(d) be the first derivative of d**3 + d**2 + 3*d - 1. Let j be i(-2). Suppose 4*a - 53 = j. Calculate the highest common factor of 176 and a.
16
Let f be -2*(74/(-4) + -3). Suppose 0 = 3*j - 11 - f. Calculate the greatest common factor of 18 and j.
18
Suppose -c + 2 = -f + c, -5*f - c = -12. Calculate the highest common divisor of f and 8.
2
Let t = 33 + -27. What is the greatest common divisor of 24 and t?
6
Let f(o) = o**3 - 4*o**2 + 6*o - 6. Suppose -13 = -2*s - g, 4*g - 38 + 2 = -4*s. Let t be f(s). Calculate the highest common divisor of 2 and t.
2
Let b(d) = d**3 + 7*d**2 - 6*d - 10. Let m be b(-7). Suppose 0 = 2*u - 0*u - m. What is the highest common divisor of u and 144?
16
Suppose 2*o + c = 40, -4*c - 10 = -2. Suppose -5*d = -19 - o. Suppose x - 4*x = -48. What is the highest common factor of d and x?
8
Let k(i) = i - 13*i - 24 + 25. Let s be k(-1). Let w(u) = -15*u + 5. Let q be w(-4). What is the greatest common factor of q and s?
13
Let n be (-92)/16 - 2/8. Let d(t) = -t**3 - 7*t**2 - 6*t + 2. Let i be d(n). Let s be (i/3)/(6/171). Calculate the highest common divisor of s and 76.
19
Let y(s) = 4*s**3 - 2*s**2 - 3*s - 4. Let i be y(3). Calculate the greatest common factor of 22 and i.
11
Let n(s) = 2*s - 2*s - 5*s + 4*s + 8. Let x be n(-12). What is the greatest common factor of 40 and x?
20
Suppose n + 145 = o + 6*n, 139 = o + 2*n. What is the highest common divisor of 27 and o?
27
Let v be 11 - -9 - (1 - -3). What is the greatest common factor of v and 80?
16
Suppose -4*l = 143 - 531. Let q be (-2)/(-4)*(l + -17). Calculate the highest common divisor of 10 and q.
10
Let d = 32 + 28. What is the highest common divisor of 12 and d?
12
Suppose 5*j - 46 = 3*j. Let x(t) = 16*t + 12. Let z be x(5). Calculate the greatest common divisor of z and j.
23
Let v be (-176)/10 + (-12)/30. Let n = 2 - v. Calculate the highest common divisor of n and 8.
4
Suppose b - 142 = -5*r + 105, -5*r + 4*b + 262 = 0. Let s = 82 - r. Calculate the greatest common divisor of 8 and s.
8
Let h be ((-10)/(-3) - 3)*(29 + -2). Calculate the highest common factor of h and 171.
9
Let k(f) = 2*f**3 + 13*f**2 - 2*f - 7. Let z be k(-6). Calculate the greatest common factor of 123 and z.
41
Suppose -14 = -9*l + 4*l - 2*r, 0 = l + 3*r + 5. Suppose -23 = -3*j + l*w, 3*w - 39 = j - 5*j. Let k = 56 - 29. What is the greatest common factor of j and k?
9
Let i be 11*(-1)/(-1) + -1. Suppose 0 = l - 6*l + 4*a + 30, -5*a = l - 35. What is the highest common divisor of l and i?
10
Let u = 6 + 0. Suppose -u = -z - 4*o, -o = 5*z - 0 - 11. Let d be 45/z*(-8)/(-10). Calculate the greatest common divisor of 6 and d.
6
Suppose 5*i - 690 = -3*q, i = 4*q + q + 110. Calculate the greatest common factor of 15 and i.
15
Let b(n) = 34*n**2 + 3*n + 1. Let g be b(-1). Calculate the greatest common divisor of 32 and g.
32
Let a be (9/3)/(1/25). Let l = -129 + 13. Let r be (l/(-2))/2 - -1. What is the highest common divisor of r and a?
15
Let z(s) = -10*s**2 + 2*s - 2. Let v be z(1). Suppose -4*d + 60 = p + p, -2*d - 2*p + 26 = 0. Let m = v + d. Calculate the greatest common divisor of 14 and m.
7
Suppose -2*y - 3*s + 19 = 0, 3*s + 13 = y + 8*s. Calculate the highest common factor of y and 16.
8
Let c be -6 - -3 - (-33 + 1). Let s = c + -15. What is the greatest common divisor of 154 and s?
14
Let q = -2 - -29. Calculate the greatest common factor of 3 and q.
3
Suppose 0*u = -6*u + 48. What is the highest common divisor of u and 72?
8
Let i be (-8)/(-28) + 2250/14. Calculate the highest common factor of i and 23.
23
Let u = 41 - 38. What is the greatest common divisor of 33 and u?
3
Let a(t) = -t - 13. Let h be a(-15). Calculate the greatest common divisor of h and 22.
2
Let y(k) = 8*k**2 + k + 1. Let w be y(-1). Let c be 3/(-6) + (-46)/4. Let n be (8/c)/(1/(-36)). What is the highest common divisor of n and w?
8
Suppose m = 5*g - 69, -2*g - 3*m = -5*m - 26. Let t = g - 8. Calculate the highest common divisor of t and 4.
2
Let i = 11 - 7. Let a be ((-8)/i - -6)*1. What is the greatest common divisor of 12 and a?
4
Suppose 0 = 3*v - 3*f + 9, v + 3*f - 5 - 8 = 0. What is the highest common factor of v and 6?
1
Suppose -8*t - 541 + 1541 = 0. What is the highest common divisor of t and 50?
25
Let k(b) = b**2 - 7*b + 4. Suppose 0*f = -5*f + 35. Let z be k(f). Calculate the greatest common factor of z and 44.
4
Suppose c = 1 + 9. Calculate the greatest common factor of 70 and c.
10
Let w(l) = -l**3 - 13*l**2 - 4*l - 36. Let h be w(-14). Let i = -9 - -33. Calculate the greatest common factor of h and i.
24
Suppose -17*h + 54 = -15*h. What is the highest common divisor of 108 and h?
27
Let n(b) = 0*b**3 - 2*b**3 + 0 - 2 + 6*b + 3*b**3 + 9*b**2. Let u be n(-8). What is the highest common factor of 7 and u?
7
Let r(s) = -s**2 - 6*s - 4. Let k be r(-3). Suppose 6 = k*y - 154. What is the greatest common factor of 4 and y?
4
Let y(b) = b**3 + 7*b**2 - 7*b + 24. Let l be y(-8). What is the highest common factor of 16 and l?
16
Suppose -2*a - 14 = 4*c, -3*c = 5*a + c + 5. Let f be (2 + -59)/(a/(-4)). Let i be 291/15 + (-4)/10. Calculate the greatest common divisor of f and i.
19
Suppose 76 = 4*j - 0. Let m = j - 32. Let k = 31 + m. Calculate the greatest common factor of 198 and k.
18
Let d(f) = -6*f + 1. Let r be d(-4). Let a = r - -3. What is the highest common divisor of 4 and a?
4
Let x be (20/(-1))/(3/(-6)). Let b be (-24)/(2 - -1)*-2. Calculate the highest common factor of b and x.
8
Let z = -27 + 103. Calculate the greatest common divisor of z and 190.
38
Suppose -5*q - 111 = -5*r - q, -27 = -r + 2*q. Calculate the greatest common factor of r and 133.
19
Suppose -2*h - 4 + 0 = -g, 3*h - 12 = 0. What is the highest common factor of 3 and g?
3
Suppose 0 = -7*u + u - 30. Let h(s) = -2*s + 6 - 1 + s. Let i be h(u). Calculate the highest common factor of i and 80.
10
Let j be 0 - (1 + 0) - -25. Let l(w) = -w**3 - 8*w**2 + 5*w. Let v be l(-9). What is the greatest common factor of v and j?
12
Let r = 21 + -16. Calculate the greatest common factor of 1 and r.
1
Suppose -19 = -5*z - 2*v, -4*z + 9 = -4*v - 23. Let d be 1 - (z + -2 - 2). Suppose -3*h + h + 8 = d. What is the highest common factor of 44 and h?
4
Let m be ((-12)/(-15))/((-2)/10). Let i = -2 - m. Let f be (i/(-5))/((-1)/5). Calculate the greatest common divisor of f and 8.
2
Let x(v) = v**2 - 2*v - 1. Let f be x(2). Let c = 1 + f. Suppose 2*i = -b + 32, c = 3*i + 2*b - 3 - 43. Calculate the greatest common factor of i and 9.
9
Suppose 0 = -2*q + j - 2*j + 495, q + 3*j - 260 = 0. What is the greatest common divisor of q and 35?
35
Suppose 0 = 3*u + 5*m - 26, -5*m + 7 = -13. Suppose g = -u*g. Suppose 3*y - 11 - 19 = g. What is the highest common divisor of 2 and y?
2
Let v = -1040 - -2274. Suppose 444 = -2*k + v. Suppose 143 = -2*o + k. Calculate the highest common factor of 18 and o.
18
Suppose 0 = -0*v + 2*v - 8. Suppose 4*q - 16 - v = 0. Suppose 4*y = -3*d + 235, q*d - 3*y - 543 = -161. Calculate the greatest common factor of 7 and d.
7
Suppose 70 = 5*v - 20. Calculate the greatest common factor of v and 36.
18
Suppose 0*u - 2*u - 3*t = -19, 5*u = 2*t + 38. What is the greatest common factor of u and 8?
8
Let y(f) = 72*f**2 + 4*f + 2. Let u be y(4). Suppose 3*c - u = -2*c. Calculate the highest common factor of c and 26.
26
Suppose -810 = -5*j - 220. Let g = j + -76. What is the highest common factor of 6 and g?
6
Let j be 168/(0 - 2/(-2)). Suppose c + 321 = 4*d, 0 = 3*d + 2*d + 4*c - 396. Let s = j - d. Calculate the highest common divisor of 8 and s.
8
Let v be (-4)/6 - 104/(-12). Suppose -3 = 2*z - 11. What is the greatest common factor of v and z?
4
Let s be (-2)/(2/(-139)) - -1. Suppose 48 = 3*g - 4*w, -10*g + 4*w = -13*g + 72. Calculate the highest common divisor of g and s.
20
Let h(j) = -20*j**3. Suppose 8 = -3*z + 5. Let o be h(z). Let a(t) = 8*t - 2. Let i be a(4). What is the highest common factor of o and i?
10
Let z be ((-2)/(-8))/((-6)/(-24)). Let p be -4 + 5 + 3*z. Let x be (-1)/3 + 73/3. Calculate the highest common divisor of p and x.
4
Let h = 21 - -74. Suppose -5*l + h = -0*l. What is the hi